y 417.
413
Calculate the remainder when 14062 is divided by 251.
6
What is the remainder when 10247 is divided by 118?
99
What is the remainder when 304394 is divided by 162?
158
Calculate the remainder when 1432 is divided by 1338.
94
Calculate the remainder when 1640 is divided by 271.
14
Calculate the remainder when 5488 is divided by 534.
148
Calculate the remainder when 1953 is divided by 243.
9
What is the remainder when 31060 is divided by 23?
10
Calculate the remainder when 66623 is divided by 119.
102
What is the remainder when 4351 is divided by 2128?
95
What is the remainder when 971 is divided by 483?
5
What is the remainder when 731 is divided by 474?
257
Calculate the remainder when 2263 is divided by 34.
19
What is the remainder when 93337 is divided by 31108?
13
What is the remainder when 12336 is divided by 944?
64
Calculate the remainder when 1297396 is divided by 1476.
1468
Calculate the remainder when 3987 is divided by 506.
445
Calculate the remainder when 1167707 is divided by 43.
42
What is the remainder when 435504 is divided by 404?
396
Calculate the remainder when 25547 is divided by 1463.
676
Calculate the remainder when 7628 is divided by 9.
5
What is the remainder when 8246 is divided by 32?
22
Calculate the remainder when 45779 is divided by 995.
9
Calculate the remainder when 150927 is divided by 430.
427
Calculate the remainder when 1436 is divided by 356.
12
What is the remainder when 7676 is divided by 135?
116
Calculate the remainder when 14270 is divided by 565.
145
Calculate the remainder when 7245 is divided by 718.
65
What is the remainder when 2750 is divided by 67?
3
Calculate the remainder when 25664 is divided by 201.
137
What is the remainder when 3526 is divided by 147?
145
What is the remainder when 52829 is divided by 32?
29
What is the remainder when 4545 is divided by 29?
21
Calculate the remainder when 171695 is divided by 505.
500
Calculate the remainder when 35085 is divided by 8.
5
What is the remainder when 97647 is divided by 31?
28
What is the remainder when 329911 is divided by 27?
25
What is the remainder when 164194 is divided by 25?
19
Calculate the remainder when 162329 is divided by 14.
13
What is the remainder when 66837 is divided by 606?
177
What is the remainder when 2163 is divided by 1420?
743
What is the remainder when 2636 is divided by 29?
26
What is the remainder when 1354 is divided by 87?
49
What is the remainder when 14412 is divided by 377?
86
Calculate the remainder when 916738 is divided by 17.
13
What is the remainder when 104511 is divided by 216?
183
Calculate the remainder when 432810 is divided by 144262.
24
Calculate the remainder when 14046 is divided by 42.
18
Calculate the remainder when 16112 is divided by 600.
512
What is the remainder when 12906 is divided by 299?
49
What is the remainder when 3434 is divided by 354?
248
What is the remainder when 127745 is divided by 25538?
55
What is the remainder when 24294 is divided by 1520?
1494
Calculate the remainder when 20219 is divided by 2463.
515
What is the remainder when 71156 is divided by 182?
176
Calculate the remainder when 567813 is divided by 20.
13
Calculate the remainder when 322598 is divided by 235.
178
What is the remainder when 391495 is divided by 43499?
4
Calculate the remainder when 3436 is divided by 682.
26
Calculate the remainder when 27149 is divided by 819.
122
What is the remainder when 7688 is divided by 239?
40
Calculate the remainder when 109 is divided by 36.
1
What is the remainder when 15994 is divided by 2?
0
Calculate the remainder when 122987 is divided by 14.
11
What is the remainder when 16065 is divided by 434?
7
What is the remainder when 16700 is divided by 8252?
196
Calculate the remainder when 32626 is divided by 6422.
516
What is the remainder when 390711 is divided by 27?
21
Calculate the remainder when 9765 is divided by 1148.
581
What is the remainder when 13521 is divided by 57?
12
What is the remainder when 235353 is divided by 12?
9
What is the remainder when 45289 is divided by 1226?
1153
What is the remainder when 117896 is divided by 1661?
1626
What is the remainder when 2279 is divided by 863?
553
Calculate the remainder when 28966 is divided by 352.
102
What is the remainder when 989035 is divided by 4?
3
What is the remainder when 34603 is divided by 17277?
49
Calculate the remainder when 179739 is divided by 76.
75
What is the remainder when 10869 is divided by 3087?
1608
Calculate the remainder when 15974 is divided by 256.
102
Calculate the remainder when 37595 is divided by 26.
25
What is the remainder when 226613 is divided by 280?
93
Calculate the remainder when 109133 is divided by 36333.
134
Calculate the remainder when 1935235 is divided by 226.
223
Calculate the remainder when 203948 is divided by 336.
332
What is the remainder when 13701 is divided by 362?
307
Calculate the remainder when 13122 is divided by 175.
172
What is the remainder when 438979 is divided by 504?
499
What is the remainder when 511650 is divided by 85273?
12
What is the remainder when 2054 is divided by 2053?
1
What is the remainder when 238285 is divided by 9531?
10
What is the remainder when 135827 is divided by 252?
251
Calculate the remainder when 1613155 is divided by 68.
59
Calculate the remainder when 70065 is divided by 5003.
23
Calculate the remainder when 7819 is divided by 110.
9
What is the remainder when 1140 is divided by 322?
174
Calculate the remainder when 8159 is divided by 681.
668
Calculate the remainder when 7035 is divided by 2340.
15
What is the remainder when 108325 is divided by 20?
5
Calculate the remainder when 8854 is divided by 635.
599
Calculate the remainder when 5171 is divided by 32.
19
Calculate the remainder when 281 is divided by 232.
49
Calculate the remainder when 678 is divided by 506.
172
What is the remainder when 387851 is divided by 195?
191
Calculate the remainder when 35068 is divided by 185.
103
Calculate the remainder when 2030 is divided by 2022.
8
What is the remainder when 3229 is divided by 163?
132
Calculate the remainder when 1728 is divided by 462.
342
What is the remainder when 6367 is divided by 127?
17
Calculate the remainder when 11520 is divided by 102.
96
What is the remainder when 1459349 is divided by 86?
15
What is the remainder when 65937 is divided by 24?
9
Calculate the remainder when 57874 is divided by 7233.
10
What is the remainder when 8292 is divided by 102?
30
What is the remainder when 15734 is divided by 161?
117
What is the remainder when 34043 is divided by 826?
177
Calculate the remainder when 29236 is divided by 57.
52
Calculate the remainder when 115437 is divided by 16.
13
What is the remainder when 440151 is divided by 13?
10
What is the remainder when 12067 is divided by 291?
136
What is the remainder when 9845 is divided by 235?
210
Calculate the remainder when 30114 is divided by 328.
266
Calculate the remainder when 27663 is divided by 135.
123
What is the remainder when 3204 is divided by 939?
387
What is the remainder when 7428 is divided by 140?
8
What is the remainder when 2365 is divided by 1128?
109
What is the remainder when 924822 is divided by 825?
822
Calculate the remainder when 44025 is divided by 70.
65
What is the remainder when 1398 is divided by 9?
3
What is the remainder when 158105 is divided by 158079?
26
Calculate the remainder when 2070835 is divided by 113.
110
Calculate the remainder when 137629 is divided by 68813.
3
Calculate the remainder when 1000514 is divided by 5.
4
Calculate the remainder when 17976 is divided by 17962.
14
What is the remainder when 14600 is divided by 324?
20
Calculate the remainder when 3000 is divided by 721.
116
Calculate the remainder when 1219572 is divided by 303.
300
What is the remainder when 844786 is divided by 623?
621
What is the remainder when 19340 is divided by 432?
332
What is the remainder when 816595 is divided by 44?
43
What is the remainder when 3309 is divided by 1079?
72
Calculate the remainder when 1177513 is divided by 25.
13
Calculate the remainder when 1220 is divided by 3.
2
What is the remainder when 1714 is divided by 215?
209
What is the remainder when 36702 is divided by 749?
1
Calculate the remainder when 83